45334032441
In base 3, what is -11101111 + -1100022?
-12201210
In base 3, what is -2 - 20021200212101?
-20021200212110
In base 15, what is 14e - -17444?
17593
In base 11, what is -5510969 - 1?
-551096a
In base 2, what is -100111111101 - 10110010010011?
-11011010010000
In base 8, what is -5003432 + 0?
-5003432
In base 12, what is -289288 + 42?
-289246
In base 15, what is d7db5 + -5?
d7db0
In base 11, what is 2 - -38209205?
38209207
In base 16, what is 0 - d9029?
-d9029
In base 13, what is -61b + -8580?
-8b9b
In base 10, what is -30 + -76945?
-76975
In base 3, what is -2201020 + -2221111110?
-10001012200
In base 14, what is -58c5026 - -3?
-58c5023
In base 12, what is -12 - 2821104b?
-28211061
In base 2, what is 110101000101010010100 + 1110?
110101000101010100010
In base 7, what is 61 - 103233121?
-103233030
In base 2, what is -1001110 + -110100011111101?
-110100101001011
In base 7, what is 4143 - 5106?
-633
In base 6, what is -15 + -21514343?
-21514402
In base 6, what is 414554 - -504?
415502
In base 15, what is 1cbc62d7 + -3?
1cbc62d4
In base 3, what is -12111 + 20000202121?
20000120010
In base 14, what is 178db - -b8?
179b5
In base 9, what is -5146656606 - 4?
-5146656611
In base 11, what is 605 - a2?
513
In base 7, what is -106013 + -132242?
-241255
In base 3, what is 1112220022 - 1120?
1112211202
In base 9, what is -123556 - 42?
-123608
In base 9, what is -1120361 + -227?
-1120588
In base 8, what is -3 - -264274414?
264274411
In base 5, what is 1331 - 2010334?
-2004003
In base 15, what is 0 + 31a1bc?
31a1bc
In base 10, what is 2544309 + -1?
2544308
In base 2, what is -1110111101111000001010 + -10?
-1110111101111000001100
In base 14, what is 691a08 + 1?
691a09
In base 10, what is 2 - 23222503?
-23222501
In base 9, what is -11 - -7836?
7825
In base 4, what is 1 + -11321230232?
-11321230231
In base 10, what is -114021 + -593?
-114614
In base 5, what is -3103422 - 10300?
-3114222
In base 6, what is -15 - 30004533?
-30004552
In base 12, what is 24 + -430908?
-4308a4
In base 12, what is 8131 - -2a?
815b
In base 9, what is -2 - -35714254?
35714252
In base 8, what is -10627 + -1175?
-12024
In base 14, what is 43a3a - -2a?
43a66
In base 7, what is 505 + -440466?
-436661
In base 11, what is 24 - -375198?
375211
In base 15, what is 31353 - -182?
314d5
In base 2, what is 11100 - 100111111001011001111101?
-100111111001011001100001
In base 11, what is 1a68aa54 - 4?
1a68aa50
In base 12, what is 6 - -1567b56b?
1567b575
In base 9, what is -538334886 + 4?
-538334882
In base 7, what is -3445 + 3401?
-44
In base 15, what is -4 - 77a1e5e?
-77a1e63
In base 10, what is -203 + -97817?
-98020
In base 4, what is 11 - -13031311133?
13031311210
In base 2, what is -1110100000 + -110100100001?
-1000011000001
In base 16, what is 29a13c - -69?
29a1a5
In base 7, what is 1133320 - 12013?
1121304
In base 5, what is 1123 - -24221301?
24222424
In base 13, what is -38 - 95558?
-95593
In base 9, what is 572202 - -5?
572207
In base 13, what is -9aa9866 + 5?
-9aa9861
In base 16, what is -13643 + 4?
-1363f
In base 15, what is -9 - -10edb73?
10edb69
In base 13, what is 20b04 + 500?
21304
In base 5, what is 222030 + -100302?
121223
In base 3, what is -1101200110 - 2112222?
-1111020102
In base 4, what is -13 - 120120311132?
-120120311211
In base 11, what is -1281 - 741?
-1a12
In base 14, what is -149c4 + -7c?
-14a62
In base 4, what is -1300220232211 + -1?
-1300220232212
In base 12, what is -98a232 - 9?
-98a23b
In base 12, what is 5394 + -2a141?
-24969
In base 6, what is 11351 - -130030?
141421
In base 4, what is 113011313 + -20230?
112331023
In base 8, what is -31 - -22276731?
22276700
In base 9, what is -1686507763 + 4?
-1686507758
In base 7, what is 6011210 + 12?
6011222
In base 7, what is 2354516 + 5554?
2363403
In base 2, what is -111111110010101000100 + -10010?
-111111110010101010110
In base 12, what is -3765b9 + -14?
-376611
In base 9, what is -111800 - 47?
-111847
In base 14, what is 1cd4d42 + -4?
1cd4d3c
In base 4, what is 20 - -2302110130?
2302110210
In base 10, what is 466490 + -113?
466377
In base 5, what is 4 + -223314304?
-223314300
In base 10, what is 10 - 24792569?
-24792559
In base 8, what is -653 + -7104?
-7757
In base 2, what is 100000011 - -1001111111010011?
1010000011010110
In base 6, what is -5411 - -4004120?
3554305
In base 10, what is -11002 - 295?
-11297
In base 12, what is 434bb89 + -13?
434bb76
In base 15, what is -2c + -3e49e8c?
-3e49eb9
In base 14, what is -1464 + 6d4c?
58c8
In base 6, what is -101 + -1455253424?
-1455253525
In base 14, what is -d94 - -2aa?
-ac8
In base 9, what is 140434180 + -2?
140434177
In base 10, what is 3401080 + 4?
3401084
In base 3, what is 22200 - -1022110101?
1022210001
In base 11, what is 7517 - a3?
7424
In base 6, what is -312305 + 331021?
14312
In base 10, what is -5 + 21162134?
21162129
In base 14, what is 18 + 17dd946?
17dd960
In base 12, what is -3 + 906a890?
906a889
In base 13, what is 5a81 + -2480?
3601
In base 9, what is 4072 + 21003?
25075
In base 12, what is 553a + -28999?
-2345b
In base 6, what is 0 + -30250105?
-30250105
In base 12, what is 178b + 3158?
4927
In base 16, what is 10eef19 + 1e?
10eef37
In base 9, what is -14387822 - -1?
-14387821
In base 10, what is -1923371 - -1?
-1923370
In base 13, what is -1606 + -148?
-1751
In base 4, what is -1121302302 + 21?
-1121302221
In base 16, what is 76d - 9e8a?
-971d
In base 10, what is 1778 + 154?
1932
In base 15, what is 1a36b0 - 1?
1a36ae
In base 8, what is 237343 + -447?
236674
In base 12, what is -8 + -8625560?
-8625568
In base 11, what is -3179589 - -92?
-31794a7
In base 6, what is 43041132 + -1?
43041131
In base 10, what is -6771631 + 14?
-6771617
In base 16, what is b40 + 954f?
a08f
In base 10, what is 196553473 - -4?
196553477
In base 7, what is -2 - -603606?
603604
In base 11, what is -559 + 9918?
936a
In base 14, what is -49b780d - -2?
-49b780b
In base 9, what is 358 - -351057?
351426
In base 13, what is 1 + 3c51ba9?
3c51baa
In base 14, what is 84726 + 35?
8475b
In base 14, what is -5 + 75c98b?
75c986
In base 11, what is 25a02597 + -5?
25a02592
In base 12, what is -1298 + 262?
-1036
In base 11, what is -a - -2148a?
21480
In base 3, what is -2020 + 12101211?
12022121
In base 4, what is 32213231231 + 32?
32213231323
In base 6, what is 0 - 123403320?
-123403320
In base 10, what is -1327683 - 5?
-1327688
In base 4, what is -1220213122313 + 11?
-1220213122302
In base 9, what is -5863 - 756?
-6730
In base 7, what is -20236 + -4016?
-24255
In base 7, what is -111 + 124102?
123661
In base 14, what is 5a91c0 - 2a?
5a9194
In base 5, what is 11223242413 - -24?
11223242442
In base 2, what is 10000101100 + 101111101111110?
110001110101010
In base 2, what is 1110 + 101100110111111011?
101100111000001001
In base 3, what is -10102102001100 - -100?
-10102102001000
In base 3, what is 201100210221 - 21?
201100210200
In base 7, what is -421 + 442204?
441453
In base 12, what is b136 - -a239?
19373
In base 15, what is d5ed - 106a?
c583
In base 12, what is -3 + -9a35078?
-9a3507b
In base 2, what is -100 + -10000011111010011100010101101?
-10000011111010011100010110001
In base 8, what is 11135 + -4471?
4444
In base 8, what is 2447 - 14441?
-11772
In base 8, what is -3 + -14226454?
-14226457
In base 3, what is 22220122110 - -1021200?
22221221010
In base 3, what is -1220201100211 + 111?
-1220201100100
In base 7, what is 2 + 46320316?
46320321
In base 15, what is -58d487 - -7?
-58d480
In base 15, what is -3 + 28d198?
28d195
In base 6, what is -23243 - -2200324?
2133041
In base 15, what is e09 - 2e4d2?
-2d5c8
In base 14, what is -5 + 4564160?
4564159
In base 8, what is -101 + 425561?
425460
In base 12, what is -2118aa - 248?
-211b36
In base 15, what is 8a84a + -611?
8a239
In base 9, what is -271432770 + -4?
-271432774
In base 5, what is -3000 + 44233?
41233
In base 7, what is 43651 + 23?
44004
In base 5, what is 20322111 + -30?
20322031
In base 4, what is 31100113302 + 0?
31100113302
In base 15, what is -37c - 9bd?
-d4a
In base 16, what is -41e57 + 43?
-41e14
In base 2, what is 1000000101001000110011 + -100?
1000000101001000101111
In base 13, what is 1 - 2b3551?
-2b3550
In base 6, what is 241 + 241153400?
241154041
In base 8, what is 23 - -4230501?
4230524
In base 8, what is 221 + -5231?
